ve h(l).
9
Let a(w) = -2*w - 20. Let o be a(-8). Let m = o + 5. Let i(q) = -q**3 + 2*q**2 - 1. Give i(m).
0
Let i(x) = 8*x - 6*x - 5 - 2*x - x**2. Let w be -5*(-2)/25 + 18/5. What is i(w)?
-21
Let h = -7 + 12. Let n(w) = -7 - h - w + 5. Let r(f) = 3*f - 48. Let z be r(14). Give n(z).
-1
Let d(b) = 20*b - 3 + 5 + 5. Let h(t) = 7*t + 2. Let c(s) = -6*d(s) + 17*h(s). Let n be 2*(-2)/10*15. Give c(n).
-2
Suppose 5*x + 2*i = -28, 3*x = x + 4*i - 16. Let y(r) = -2 - 8 - 2 + 3*r + 10. Give y(x).
-20
Let o(h) = 11*h + 4. Let g = -310 + 306. Calculate o(g).
-40
Let q(z) = -z**2 - 4*z - 1. Let h be q(-4). Let w(y) = -1. Let s(v) = 8*v**3 + 2*v**2 + 2*v + 7. Let x(g) = s(g) + 6*w(g). Determine x(h).
-7
Let j(b) = -6*b + 1. Let g(o) = o**2 + o - 15. Suppose p + 15 = -2*p. Let z be g(p). What is j(z)?
-29
Suppose -3*l = -5*t + 46, 8 = 4*l - 3*t + 51. Let a(v) = -v**3 - 6*v**2 + 8*v + 9. Let x be a(l). Let u(k) = -k**2 - 2*k - 1. Give u(x).
-9
Suppose -143*b + 106*b + 74 = 0. Let p(g) = 20*g**2 + 2*g + 1. Let u be p(2). Let m(f) = -u*f + 87*f - 4 + b. Calculate m(3).
4
Let a(h) = 3*h + 5 - 5*h - 1. Let b(t) = 1. Let f(m) = -a(m) - 5*b(m). Let c be ((-20)/15 - 1)/((-33)/99). Calculate f(c).
5
Let k be 3/(18/(-42)) + 26 + -15. Let b(c) = 4*c + 4 - 2*c**2 + c**2 - 3*c. What is b(k)?
-8
Suppose 0 = 2*n - 1 - 1. Let v be (n - -5)*15/18. Let u(i) be the third derivative of i**5/60 - 7*i**4/24 + i**3 - 3*i**2. Calculate u(v).
-4
Let s(u) = 2*u**3 + 13*u**2 - 4*u**2 - u**3 - 10*u. Let t be s(-10). Suppose 5*g = 2*g - 2*q, t = -4*g - q - 5. Let c(d) = -4*d**2 - d + 2. What is c(g)?
-12
Suppose -3*w + 2*w = 0. Let u(q) = 1 + w + 7*q + 2*q. Give u(1).
10
Let t(g) be the second derivative of g**5/60 + g**4/12 - g**3/2 + 11*g**2/2 + 27*g. Let q(y) be the first derivative of t(y). Give q(2).
5
Let t(v) = -v**3 - 3*v**2 - v + 4. Let r = -246 + 243. Determine t(r).
7
Let l(o) be the third derivative of o**3 - 1/24*o**4 - 30*o**2 + 0*o + 0. Determine l(5).
1
Let y(w) = 6*w**2 - 2*w + 1. Let x(p) = -2*p**2 + 8*p + 1 + 4*p + 6*p. Let o be x(9). Give y(o).
5
Suppose 3*c + 4*s = -6 - 2, 4*c - 8 = 4*s. Let q(y) be the second derivative of y**5/20 - y**4/12 - y**3/6 - y**2/2 - 1728*y + 2. Calculate q(c).
-1
Suppose -2*o + 3*o = 4. Let v(s) = s**2 - 4*s + 4. Let w be v(4). Let b(f) = -f**2 - 5. Let a(t) = -t**2 - t - 6. Let d(c) = w*a(c) - 5*b(c). Determine d(o).
1
Let v(b) be the first derivative of -19 + 4*b**2 + 1/3*b**3 - b. What is v(-6)?
-13
Let x(r) be the third derivative of 0 - 1/120*r**5 + 0*r + 1/12*r**4 - 10*r**2 - 1/90*r**6 + 0*r**3. Let o(v) be the second derivative of x(v). Determine o(1).
-9
Let z be (-12)/20*(-4)/(-6)*20. Let f(x) = x + 8. Determine f(z).
0
Let r(d) be the first derivative of -d**4/4 - 2*d**3/3 - 6*d + 359. Calculate r(-3).
3
Let g(x) = -x + 11. Let c be g(8). Let r(w) = 1 - 2*w - w**2 - w**3 - c*w + 4*w. Suppose -3*k = 3*t, 4*t + 1 = 2*k - 5*k. Give r(k).
-2
Let u(q) = -1101*q - 2 + 552*q + q**2 + 551*q. Determine u(2).
6
Let t(w) = -15*w + 6 - 8*w**2 + 22 - 24 - 5*w**2 - 4*w**2 - w**3. Determine t(-16).
-12
Let d(o) = -o**3 + 3*o**2 + 1. Let u = 17 + -14. Let n be d(u). Let l(m) = -6. Let x(h) = -h - 5. Let s(y) = -5*l(y) + 6*x(y). Give s(n).
-6
Let z(v) = -v**2 - 7*v - 6. Let m(q) = q**2 - 5*q - 5. Let j be m(5). Let y = -8 - j. Let d be z(y). Let b(n) = n**2 - 6*n - 6. Calculate b(d).
-6
Let b(n) = n**2 + 3*n + 6. Suppose -3*c + 9 = 0, 0*l + c + 2 = l. Suppose -l*x = -g + 16, 4*x + g - 4 = 6*g. Give b(x).
10
Suppose t = 0, -5*b + 0*b - 2*t = -115. Let z = -29 + b. Let m(c) = -c**3 - 6*c**2 + c + 8. Give m(z).
2
Let b(q) be the second derivative of q**4/12 + q**3/3 - 2*q**2 - 63*q. What is b(-3)?
-1
Let v(m) be the second derivative of -m**6/720 + m**5/120 - m**4/3 - 9*m. Let r(x) be the third derivative of v(x). What is r(4)?
-3
Let f = 326 - 649/2. Let w(o) be the third derivative of -3/8*o**4 - f*o**3 + 5*o**2 + 0*o + 0 - 1/60*o**5. Give w(-6).
9
Let l = -70 + 78. Let u(z) = z**3 - 8*z**2 - 3. Give u(l).
-3
Let i(v) = -v**3 - 6*v**2 + 6*v - 6. Suppose 12 + 28 = -4*d. Let a be d + 14 + (-1 - -2). Suppose 40 - 5 = -a*m. What is i(m)?
1
Suppose -3*g + 2 = -4*z, -5*g + 3*z + 2*z = 0. Let i(h) = -5*h**2 - 2*h - 1. What is i(g)?
-17
Let o = -6 - -9. Let t(s) be the third derivative of s**4/6 - s**3/3 + 18*s**2. Calculate t(o).
10
Let a(y) = -y**3 - 6*y**2 + y. Let h(t) = -2*t**2 + 26*t - 17. Let r be h(12). Let s be (-29)/r + 4 - (-82)/(-14). What is a(s)?
-6
Let l(y) = -6*y. Let z(a) = -a. Let h(g) = -l(g) + 8*z(g). Let d be (-32)/112 + 23/7. Give h(d).
-6
Let q = 2/15 - -41/30. Let h(a) be the first derivative of -1/3*a**3 + q*a**2 + 3 + 0*a. Determine h(5).
-10
Let d = -36 - -40. Let m(p) = p**2 - 3*p + 6. Let l(i) = -i**2 + 2*i - 6. Let o(g) = -4*l(g) - 5*m(g). What is o(d)?
6
Let w(q) be the third derivative of -q**4/24 + q**3/6 + 5*q**2. Let i be w(-3). Let k(r) = -3*r + 2*r + 4*r - 2*r + i. Calculate k(-5).
-1
Let l(y) = y**2 + 32*y + 126. Let t be l(-27). Let k(h) = 7*h + 5. Let r(a) = -a + 1. Let x(v) = k(v) + 6*r(v). Give x(t).
2
Suppose 3*c = 4*l - 26, 2*c + c - 6 = 0. Let g(m) = m - 15. Give g(l).
-7
Let u = -638 + 642. Let x(w) = -23*w + 1. Let n(g) = -8*g. Let f(p) = 17*n(p) - 6*x(p). Determine f(u).
2
Let y(t) = 3*t**3 + 16*t**2 + 17*t - 14. Let a(d) = 4*d**3 + 17*d**2 + 18*d - 17. Let w(b) = -4*a(b) + 5*y(b). What is w(13)?
-2
Let y = -7 + 11. Let f(t) = t**3 + 3*t**2 - 5*t - 2. Let d be f(-4). Let c(x) = x**2 + d - 4*x - 3*x + 0*x**2 + 0*x. What is c(y)?
-10
Let w(k) be the third derivative of -k**4/3 + 5*k**3/6 + 8*k**2 - 3*k. Give w(5).
-35
Let x(l) = -3*l + 1. Suppose 5*r - 10 + 0 = 0. Let n(g) = 2 - 2*g - 3*g + r*g. Let u(f) = -3*n(f) + 2*x(f). Calculate u(5).
11
Let p(l) = -l**3 + 6*l - 8. Let g be 54/24 - (-2)/8*-1. Let a be p(g). Let d(j) = -j**3 - 3*j**2 + 5*j + 5. Determine d(a).
1
Let l(f) = -3*f - 31 + 31. What is l(-2)?
6
Let b(n) be the first derivative of n**4/4 - 2*n**3/3 - 4*n + 168. Determine b(4).
28
Let m(f) be the second derivative of 0*f**2 - 1/3*f**3 + 0 - 7*f. Give m(4).
-8
Let u(f) = f**3 + f**2 + 7. Let m(y) = -2*y + 12. Let d(x) = -4*x + 25. Let a(i) = -6*d(i) + 11*m(i). Let w be a(9). Determine u(w).
7
Suppose 2*x - z + 1 = -3*x, -5*x - 4 = -4*z. Let v = 33 + -28. Let c(q) = 4*q**2 - 4 + 1 - 2*q**2 + x - v*q. What is c(4)?
9
Let k = -824 - -821. Let l(t) = t**3 + 3*t**2 - 2*t - 2. Give l(k).
4
Let c be 0 + 2/2 + 4. Let s(v) be the third derivative of -7/6*v**3 + 0*v - 1/60*v**5 + 0 + 19*v**2 + 1/3*v**4. Give s(c).
8
Let w(n) be the third derivative of -3*n**6/40 + n**4/24 + 2*n**2. Let i be 2*2/((-4)/(-3)). Suppose 0*o + 8 = 2*o - i*f, 3*f = -6. What is w(o)?
-8
Let i(s) be the first derivative of -s**2/2 + 2*s - 133. Give i(6).
-4
Let d(z) be the second derivative of 0 + 1/5*z**5 + 1/2*z**2 - 1/12*z**4 - 1/6*z**3 + 4*z. Let j = -3 + 4. Calculate d(j).
3
Let f(z) be the third derivative of -z**5/60 - z**4/6 + 10*z**3/3 - 134*z**2 + z. What is f(-7)?
-1
Let h be ((-36)/9)/(-2 - (-15)/6). Let x(t) = 2*t - 5. Give x(h).
-21
Suppose u - 16 = -19*h + 21*h, -5*h - 49 = -4*u. Let b(i) = i**3 - 6*i**2 - 4*i + 8. Give b(u).
-16
Let n = -60 - -67. Let p(f) = -4 + 0*f + 3*f - n*f + f. Calculate p(-6).
14
Let r(c) = -c**3 + 5*c**2 - 3*c - 3. Let j be 11 + 2/(1 + -3). Let p = j + -8. Suppose -1 = -v + p. Calculate r(v).
6
Let t be (-60)/(-14) + 4/(-14). Suppose l + 0*l = -t*k + 4, 2*k = 2. Let w(f) = -f - 15. Calculate w(l).
-15
Let i(s) = s - 16*s**2 + 5*s - 2*s**3 + 12 - 4*s + s**3 - s**3. Give i(-8).
-4
Suppose -3*w - 27 = 3*a, -3*a + 6 = 2*w + 20. Let n(k) = k**3 + 12*k**2 - 12*k + 4. Determine n(w).
-9
Suppose 14 = -3*b - 5*i + i, 2*b - 2*i = 0. Let u be (-32)/(-12)*(-3)/(-2). Let k(y) = 1 - 2*y**2 - 3 + 2*y**3 - 3*y**3 - u*y + 0*y. Determine k(b).
6
Let g(f) = -94 + 0*f + 75 - 2*f - f**2. Give g(0).
-19
Let m(x) = 4*x**2 + 2*x. Let n be m(-2). Suppose -3*i = i - n. Suppose -5*j + 2 + i = 0. Let k(o) = 13*o. Give k(j).
13
Let l(h) = 5*h**2 - h - 1. Let k be 21/(-15) + 10/25. Let q be l(k). Let d(c) be the second derivative of c**3/6 - c**2/2 + 24*c. Calculate d(q).
4
Let n(y) = -y**3 - 3*y**2 + 4*y + 5. Let c be 4/6*(1 + 2). Suppose -p - 5*q - 7 = -0, -c*q = 5*p + 81. Let m = p + 13. Calculate n(m).
5
Let w